se
Does 22 divide 6585?
False
Is 41 a factor of 3697?
False
Is 108184 a multiple of 155?
False
Is 215 a factor of 10186?
False
Is 3 a factor of 6695?
False
Does 66 divide 2241?
False
Is 45 a factor of 4995?
True
Is 19 a factor of 779?
True
Is 9 a factor of 1224?
True
Does 16 divide 3840?
True
Is 28320 a multiple of 28?
False
Is 28 a factor of 11088?
True
Does 16 divide 4964?
False
Is 35 a factor of 1540?
True
Does 40 divide 1840?
True
Does 97 divide 752?
False
Does 4 divide 22337?
False
Does 6 divide 802?
False
Is 17496 a multiple of 18?
True
Is 5497 a multiple of 148?
False
Is 5 a factor of 1380?
True
Does 30 divide 3990?
True
Is 29 a factor of 104?
False
Is 11 a factor of 1121?
False
Does 12 divide 8988?
True
Is 101 a multiple of 101?
True
Is 1786 a multiple of 94?
True
Is 17484 a multiple of 145?
False
Does 23 divide 2254?
True
Is 34921 a multiple of 47?
True
Is 54 a factor of 1080?
True
Is 4 a factor of 6304?
True
Does 17 divide 1221?
False
Is 36 a factor of 8427?
False
Is 31 a factor of 1496?
False
Is 282 a multiple of 11?
False
Does 9 divide 405?
True
Is 816 a multiple of 24?
True
Is 24 a factor of 906?
False
Is 1834 a multiple of 6?
False
Is 1254 a multiple of 66?
True
Does 7 divide 15444?
False
Is 307 a multiple of 15?
False
Is 111 a factor of 12099?
True
Is 6 a factor of 1009?
False
Is 1893 a multiple of 18?
False
Is 1458 a multiple of 20?
False
Does 16 divide 56240?
True
Is 5 a factor of 1130?
True
Is 5 a factor of 21950?
True
Is 598 a multiple of 46?
True
Is 4710 a multiple of 15?
True
Does 162 divide 13358?
False
Is 35020 a multiple of 206?
True
Is 4222 a multiple of 12?
False
Is 19 a factor of 114?
True
Is 6980 a multiple of 108?
False
Is 17 a factor of 1292?
True
Is 3528 a multiple of 42?
True
Does 8 divide 729?
False
Is 87 a factor of 5614?
False
Is 563 a multiple of 11?
False
Does 7 divide 1856?
False
Is 160 a multiple of 32?
True
Is 105 a factor of 18315?
False
Does 21 divide 714?
True
Does 10 divide 748?
False
Is 33372 a multiple of 162?
True
Is 1960 a multiple of 8?
True
Does 17 divide 58?
False
Does 39 divide 351?
True
Is 18983 a multiple of 32?
False
Does 23 divide 1541?
True
Is 9 a factor of 3549?
False
Does 183 divide 7686?
True
Is 3528 a multiple of 28?
True
Does 104 divide 39416?
True
Is 147 a factor of 8842?
False
Is 10 a factor of 75?
False
Does 7 divide 153?
False
Is 2 a factor of 187?
False
Does 157 divide 5024?
True
Is 31 a factor of 481?
False
Is 7500 a multiple of 20?
True
Is 6612 a multiple of 19?
True
Is 830 a multiple of 4?
False
Does 28 divide 1096?
False
Is 1636 a multiple of 31?
False
Is 59126 a multiple of 37?
True
Is 23207 a multiple of 23?
True
Does 17 divide 9588?
True
Is 208 a multiple of 35?
False
Is 9 a factor of 2907?
True
Does 42 divide 3738?
True
Does 16 divide 729?
False
Does 16 divide 12288?
True
Is 2584 a multiple of 26?
False
Is 147 a factor of 33295?
False
Is 7 a factor of 9722?
False
Is 29 a factor of 941?
False
Does 119 divide 2296?
False
Is 15527 a multiple of 42?
False
Is 5732 a multiple of 30?
False
Does 12 divide 16050?
False
Does 2 divide 16563?
False
Is 24 a factor of 2297?
False
Does 24 divide 9456?
True
Is 48335 a multiple of 23?
False
Does 71 divide 2698?
True
Does 42 divide 25704?
True
Is 19 a factor of 1327?
False
Does 66 divide 885?
False
Is 2 a factor of 180?
True
Is 2367 a multiple of 9?
True
Is 8 a factor of 1594?
False
Is 2013 a multiple of 32?
False
Is 1347 a multiple of 6?
False
Is 16578 a multiple of 18?
True
Is 7 a factor of 1519?
True
Is 19 a factor of 1144?
False
Is 1234 a multiple of 79?
False
Does 9 divide 79?
False
Is 1064 a multiple of 14?
True
Is 833 a multiple of 24?
False
Is 19 a factor of 1615?
True
Is 6 a factor of 342?
True
Is 34438 a multiple of 168?
False
Is 106 a factor of 32135?
False
Does 2 divide 164?
True
Is 53 a factor of 7367?
True
Is 1013 even?
False
Does 3 divide 5019?
True
Is 8 a factor of 164?
False
Does 15 divide 28712?
False
Is 17 a factor of 1088?
True
Is 846 a multiple of 25?
False
Does 9 divide 635?
False
Is 44204 a multiple of 172?
True
Is 10 a factor of 280?
True
Is 6 a factor of 3858?
True
Is 910 a multiple of 26?
True
Is 7 a factor of 1393?
True
Does 33 divide 3634?
False
Does 6 divide 306?
True
Does 76 divide 30589?
False
Is 5182 a multiple of 15?
False
Is 19 a factor of 11576?
False
Is 22 a factor of 5280?
True
Is 2328 a multiple of 24?
True
Is 6 a factor of 719?
False
Does 177 divide 76004?
False
Is 26 a factor of 36905?
False
Does 11 divide 17876?
False
Does 9 divide 1305?
True
Does 68 divide 14287?
False
Does 17 divide 49181?
True
Is 1013 a multiple of 16?
False
Is 12 a factor of 2578?
False
Does 13 divide 14352?
True
Does 20 divide 382?
False
Is 123 a multiple of 5?
False
Does 43 divide 1787?
False
Is 6 a factor of 20658?
True
Is 7 a factor of 30577?
False
Is 793 a multiple of 61?
True
Is 29230 a multiple of 79?
True
Is 8 a factor of 2371?
False
Is 470 a multiple of 20?
False
Is 116171 a multiple of 179?
True
Is 1595 a multiple of 17?
False
Is 6120 a multiple of 40?
True
Is 1536 a multiple of 32?
True
Does 93 divide 74490?
False
Is 26 a factor of 156?
True
Does 25 divide 550?
True
Is 16 a factor of 21986?
False
Is 6709 a multiple of 56?
False
Does 8 divide 92472?
True
Is 15 a factor of 6296?
False
Is 4 a factor of 1301?
False
Is 11344 a multiple of 81?
False
Is 213 a factor of 54741?
True
Is 63 a factor of 504?
True
Is 128 a multiple of 16?
True
Does 166 divide 434?
False
Is 17 a factor of 11050?
True
Is 15 a factor of 352?
False
Is 3375 a multiple of 12?
False
Does 23 divide 161?
True
Is 5382 a multiple of 6?
True
Does 14 divide 2072?
True
Does 29 divide 965?
False
Is 6981 a multiple of 3?
True
Does 77 divide 1223?
False
Does 15 divide 1371?
False
Is 6 a factor of 471?
False
Does 17 divide 7038?
True
Does 15 divide 1320?
True
Is 4 a factor of 182?
False
Is 800 a multiple of 10?
True
Is 15 a factor of 57675?
True
Is 8 a factor of 80?
True
Does 4 divide 372?
True
Does 260 divide 53040?
True
Does 23 divide 713?
True
Is 14 a factor of 4623?
False
Does 28 divide 3360?
True
Is 8 a factor of 36912?
True
Does 77 divide 774?
False
Does 27 divide 10680?
False
Is 83 a factor of 22991?
True
Is 4 a factor of 5597?
False
Is 4 a factor of 84?
True
Is 50 a factor of 84076?
False
Is 6 a factor of 6960?
True
Does 91 divide 1984?
False
Does 5 divide 10682?
False
Is 3 a factor of 375?
True
Is 12 a factor of 720?
True
Is 45 a factor of 6104?
False
Does 69 divide 1933?
False
Is 6433 a multiple of 69?
False
Is 131 a multiple of 3?
False
Is 24 a factor of 10608?
True
Does 40 divide 10336?
False
Does 118 divide 14469?
False
Is 3 a factor of 1878?
True
Is 13 a factor of 14?
False
Does 106 divide 110028?
True
Does 18 divide 517?
False
Is 8 a factor of 3558?
False
Is 473 a multiple of 5?
False
Does 45 divide 765?
True
Is 2 a factor of 522?
True
Is 540 a multiple of 60?
True
Is 108 a factor of 108?
True
Is 8 a factor of 24?
True
Is 9 a factor of 21195?
True
Does 13 divide 56602?
True
Is 16 a multiple of 16?
True
Is 66 a factor of 1496?
False
Is 23 a factor of 46046?
True
Is 16797 a multiple of 33?
True
Is 3724 a multiple of 20?
False
Is 6189 a multiple of 23?
False
Is 267 a factor of 74493?
True
Is 3480 a multiple of 13?
False
Is 13 a factor of 12415?
True
Is 14 a factor of 35448?
True
Is 34 a multiple of 2?
True
Is 34 a factor of 544?
True
Is 7095 a multiple of 55?
True
Is 7 a factor of 17465?
True
Does 30 divide 330?
True
Is 255 a multiple of 28?
False
Does 12 divide 22241?
False
Is 6224 a multiple of 41?
False
Does 7 divide 919?
False
Is 45 a factor of 1568?
False
Is 16 a factor of 66644?
False
Is 32841 a multiple of 78?
False
Is 2 a factor of 270?
True
Does 74 divide 26056?
False
Is 13 a factor of 1006?
False
Is 15 a factor of 97470?
True
Is 2015 a multiple of 41?
False
Is 27 a factor of 4307?
False
Is 436 a multiple of 56?
False
Does 64 divide 379?
False
Is 60 a factor of 17350?
False
Is 133 a multiple of 2?
False
Does 32 divide 1760?
True
Is 36166 a multiple of 107?
True
Does 53 divide 424?
True
Does 13 divide 22776?
True
Does 3 divide 209?
False
Is 8 a factor of 42502?
False
Is 52 a factor of 26988?
True
Is 13554 a multiple of 251?
True
Is 7596 a multiple of 4?
True
Is 15 a factor of 29894?
False
Is 13 a factor of 3003?
True
Is 34800 a multiple o